{"id":684,"date":"2018-02-01T00:01:45","date_gmt":"2018-01-31T23:01:45","guid":{"rendered":"http:\/\/apichamossaire.ch\/?page_id=684"},"modified":"2022-03-21T06:33:54","modified_gmt":"2022-03-21T05:33:54","slug":"une-ruche-dans-mon-jardin","status":"publish","type":"page","link":"https:\/\/www.apichamossaire.ch\/?page_id=684","title":{"rendered":"Une ruche dans mon jardin"},"content":{"rendered":"<h1>Une ruche dans mon jardin<\/h1>\n<p>Vous n&rsquo;y connaissez rien en apiculture et vous aimeriez vous lancer avec une ruche dans votre jardin ?<\/p>\n<p>Tr\u00e8s bonne id\u00e9e car une ruche c&rsquo;est int\u00e9ressant, c&rsquo;est didactique pour les enfants, \u00e7a aide au maintien des populations d&rsquo;abeilles et \u00e7a peut m\u00eame parfois vous apporter un peu de miel et autres produits de la ruche.<\/p>\n<p>Vous faites la bonne d\u00e9marche de vous renseigner ici car avoir une ruche \u00e7a ne peut pas se faire n&rsquo;importe comment.<\/p>\n<p>Tout d&rsquo;abord, il y a des lois \u00e0 respecter, du mat\u00e9riel \u00e0 acheter et des pr\u00e9cautions \u00e0 prendre.<\/p>\n<p>La liste n&rsquo;est pas exhaustive mais elle vous permettra d&rsquo;apporter un peu d&rsquo;eau \u00e0 votre moulin.<\/p>\n<h3><span style=\"text-decoration:underline;\">Lois et r\u00e8glements<\/span><\/h3>\n<ol>\n<li>Annoncer l&#8217;emplacement de votre ruche ou rucher \u00e0 l&rsquo;inspecteur <a href=\"http:\/\/apichamossaire.ch\/?page_id=12\">(contact)<\/a><\/li>\n<li>Annoncer au SCAV votre ruche ou rucher dans les 10 jours <a href=\"http:\/\/apichamossaire.ch\/?page_id=649\">(formulaire)<\/a><\/li>\n<li>Informer vos voisins et vous tenir \u00e0 5m minimum de votre limite de propri\u00e9t\u00e9. Attention des dispositions particuli\u00e8res peuvent exister dans votre Commune et\/ou votre Canton notamment l&rsquo;autorisation d&rsquo;implanter n\u00e9cessitant une mise \u00e0 l&rsquo;enqu\u00eate.<\/li>\n<li>Le d\u00e9placement des ruches doit \u00eatre annonc\u00e9 \u00e0 l&rsquo;inspecteur<\/li>\n<\/ol>\n<h3><span style=\"text-decoration:underline;\">Mat\u00e9riel<\/span><\/h3>\n<p>L&rsquo;apiculture n&rsquo;est pas un hobby bon march\u00e9.<\/p>\n<ol>\n<li>Ruche<\/li>\n<li>Protection<\/li>\n<li>Enfumoir<\/li>\n<li>Cadre<\/li>\n<li>Cire<\/li>\n<li>Petit mat\u00e9riel<\/li>\n<li>Formation<\/li>\n<li>Achat colonie<\/li>\n<li>&#8230;<\/li>\n<\/ol>\n<p>Vous pouvez trouver du mat\u00e9riel d&rsquo;occasion mais soyez tr\u00e8s vigilent. Le d\u00e9placement des colonies doit \u00eatre annonc\u00e9 \u00e0 l&rsquo;inspecteur et v\u00e9rifier que les ruches sont saines. Les maladies comme la loques peuvent se propager dans tout un secteur si votre ruche est contamin\u00e9e.<\/p>\n<p>La cire doit \u00eatre gratt\u00e9e, les ruches d\u00e9sinfect\u00e9es et pass\u00e9es \u00e0 la flamme pour \u00e9viter de mauvaises surprises.<\/p>\n<h3><u>Pr\u00e9cautions<\/u><\/h3>\n<ol>\n<li>Formez-vous<\/li>\n<li>Demandez des conseils et <a href=\"http:\/\/apichamossaire.ch\/?page_id=104\">inscrivez-vous<\/a> dans votre soci\u00e9t\u00e9 d&rsquo;apiculture<\/li>\n<li>Prot\u00e9gez-vous toujours en visitant vos ruches<\/li>\n<li>Prot\u00e9gez vos enfants en visitant vos ruches<\/li>\n<li>Renseignez-vous sur les traitements \u00e0 effectuer<\/li>\n<li>Attention aux personnes allergiques<\/li>\n<li>Respectez vos abeilles et l&rsquo;environnement<\/li>\n<li>&#8230;<\/li>\n<\/ol>\n<p>En esp\u00e9rant que vous ayez trouv\u00e9 une partie des r\u00e9ponses \u00e0 vos questions sur cette page et pour plus de renseignements, merci de <a href=\"http:\/\/apichamossaire.ch\/?page_id=104\">nous contacter.<\/a><\/p>\n<p>Plus d&rsquo;informations d\u00e9taill\u00e9es sur les sites ci-dessous :<\/p>\n<h3><a href=\"http:\/\/www.apiculture.ch\/inspecteursvaudois\/\">F\u00e9d\u00e9ration Vaudoise des Soci\u00e9t\u00e9s d&rsquo;apiculture<\/a><\/h3>\n<h3><a href=\"https:\/\/www.blv.admin.ch\/blv\/fr\/home\/tiere\/tierschutz\/nutztierhaltung\/bienen.html\">Office f\u00e9d\u00e9ral de la s\u00e9curit\u00e9 alimentaire et des affaires v\u00e9t\u00e9rinaires OSAV<\/a><\/h3>\n<h3><a href=\"http:\/\/apichamossaire.ch\/?p=752\">Petites abeilles, grandes d\u00e9marches (article Terre et Nature)<\/a><\/h3>\n<p>A bient\u00f4t<\/p>\n<div class=\"slideshow\"><div id=\"ngg_slideshow246841\" class=\"ngg-slideshow owl-carousel\" style=\"max-width: 500px; max-height: 600px;\"><img data-recalc-dims=\"1\" decoding=\"async\" src=\"https:\/\/i0.wp.com\/www.apichamossaire.ch\/wp-content\/gallery\/2014-cours-delevage\/dscn58711.jpg?w=525&#038;ssl=1\" alt=\"dscn58711\" style=\"max-width: 500px; max-height: 600px; width: auto; height:auto; margin:auto\"><img data-recalc-dims=\"1\" decoding=\"async\" src=\"https:\/\/i0.wp.com\/www.apichamossaire.ch\/wp-content\/gallery\/2014-cours-delevage\/dscn58721.jpg?w=525&#038;ssl=1\" alt=\"dscn58721\" style=\"max-width: 500px; max-height: 600px; width: auto; height:auto; margin:auto\"><img data-recalc-dims=\"1\" decoding=\"async\" src=\"https:\/\/i0.wp.com\/www.apichamossaire.ch\/wp-content\/gallery\/2014-cours-delevage\/dscn58731.jpg?w=525&#038;ssl=1\" alt=\"dscn58731\" style=\"max-width: 500px; max-height: 600px; width: auto; height:auto; margin:auto\"><img data-recalc-dims=\"1\" decoding=\"async\" src=\"https:\/\/i0.wp.com\/www.apichamossaire.ch\/wp-content\/gallery\/2014-cours-delevage\/dscn58751.jpg?w=525&#038;ssl=1\" alt=\"dscn58751\" style=\"max-width: 500px; max-height: 600px; width: auto; height:auto; margin:auto\"><img data-recalc-dims=\"1\" decoding=\"async\" src=\"https:\/\/i0.wp.com\/www.apichamossaire.ch\/wp-content\/gallery\/2014-cours-delevage\/dscn58811.jpg?w=525&#038;ssl=1\" alt=\"dscn58811\" style=\"max-width: 500px; max-height: 600px; width: auto; height:auto; margin:auto\"><img data-recalc-dims=\"1\" decoding=\"async\" src=\"https:\/\/i0.wp.com\/www.apichamossaire.ch\/wp-content\/gallery\/2014-cours-delevage\/dscn58831.jpg?w=525&#038;ssl=1\" alt=\"dscn58831\" style=\"max-width: 500px; max-height: 600px; width: auto; height:auto; margin:auto\"><img data-recalc-dims=\"1\" decoding=\"async\" src=\"https:\/\/i0.wp.com\/www.apichamossaire.ch\/wp-content\/gallery\/2014-cours-delevage\/dscn58851.jpg?w=525&#038;ssl=1\" alt=\"dscn58851\" style=\"max-width: 500px; max-height: 600px; width: auto; height:auto; margin:auto\"><img data-recalc-dims=\"1\" decoding=\"async\" src=\"https:\/\/i0.wp.com\/www.apichamossaire.ch\/wp-content\/gallery\/2014-cours-delevage\/dscn58881.jpg?w=525&#038;ssl=1\" alt=\"dscn58881\" style=\"max-width: 500px; max-height: 600px; width: auto; height:auto; margin:auto\"><img data-recalc-dims=\"1\" decoding=\"async\" src=\"https:\/\/i0.wp.com\/www.apichamossaire.ch\/wp-content\/gallery\/2014-cours-delevage\/dscn58901.jpg?w=525&#038;ssl=1\" alt=\"dscn58901\" style=\"max-width: 500px; max-height: 600px; width: auto; height:auto; margin:auto\"><img data-recalc-dims=\"1\" decoding=\"async\" src=\"https:\/\/i0.wp.com\/www.apichamossaire.ch\/wp-content\/gallery\/2014-cours-delevage\/dscn58911.jpg?w=525&#038;ssl=1\" alt=\"dscn58911\" style=\"max-width: 500px; max-height: 600px; width: auto; height:auto; margin:auto\"><img data-recalc-dims=\"1\" decoding=\"async\" src=\"https:\/\/i0.wp.com\/www.apichamossaire.ch\/wp-content\/gallery\/2014-cours-delevage\/dscn58931.jpg?w=525&#038;ssl=1\" alt=\"dscn58931\" style=\"max-width: 500px; max-height: 600px; width: auto; height:auto; margin:auto\"><img data-recalc-dims=\"1\" decoding=\"async\" src=\"https:\/\/i0.wp.com\/www.apichamossaire.ch\/wp-content\/gallery\/2014-cours-delevage\/dscn58951.jpg?w=525&#038;ssl=1\" alt=\"dscn58951\" style=\"max-width: 500px; max-height: 600px; width: auto; height:auto; margin:auto\"><img data-recalc-dims=\"1\" decoding=\"async\" src=\"https:\/\/i0.wp.com\/www.apichamossaire.ch\/wp-content\/gallery\/2014-cours-delevage\/dscn59111.jpg?w=525&#038;ssl=1\" alt=\"dscn59111\" style=\"max-width: 500px; max-height: 600px; width: auto; height:auto; margin:auto\"><img data-recalc-dims=\"1\" decoding=\"async\" src=\"https:\/\/i0.wp.com\/www.apichamossaire.ch\/wp-content\/gallery\/2014-cours-delevage\/dscn59121.jpg?w=525&#038;ssl=1\" alt=\"dscn59121\" style=\"max-width: 500px; max-height: 600px; width: auto; height:auto; margin:auto\"><img data-recalc-dims=\"1\" decoding=\"async\" src=\"https:\/\/i0.wp.com\/www.apichamossaire.ch\/wp-content\/gallery\/2014-cours-delevage\/dscn59141.jpg?w=525&#038;ssl=1\" alt=\"dscn59141\" style=\"max-width: 500px; max-height: 600px; width: auto; height:auto; margin:auto\"><img data-recalc-dims=\"1\" decoding=\"async\" src=\"https:\/\/i0.wp.com\/www.apichamossaire.ch\/wp-content\/gallery\/2014-cours-delevage\/dscn59151.jpg?w=525&#038;ssl=1\" alt=\"dscn59151\" style=\"max-width: 500px; max-height: 600px; width: auto; height:auto; margin:auto\"><img data-recalc-dims=\"1\" decoding=\"async\" src=\"https:\/\/i0.wp.com\/www.apichamossaire.ch\/wp-content\/gallery\/2014-cours-delevage\/dscn59241.jpg?w=525&#038;ssl=1\" alt=\"dscn59241\" style=\"max-width: 500px; max-height: 600px; width: auto; height:auto; margin:auto\"><img data-recalc-dims=\"1\" decoding=\"async\" src=\"https:\/\/i0.wp.com\/www.apichamossaire.ch\/wp-content\/gallery\/2014-cours-delevage\/dscn59251.jpg?w=525&#038;ssl=1\" alt=\"dscn59251\" style=\"max-width: 500px; max-height: 600px; width: auto; height:auto; margin:auto\"><img data-recalc-dims=\"1\" decoding=\"async\" src=\"https:\/\/i0.wp.com\/www.apichamossaire.ch\/wp-content\/gallery\/2014-cours-delevage\/dscn59361.jpg?w=525&#038;ssl=1\" alt=\"dscn59361\" style=\"max-width: 500px; max-height: 600px; width: auto; height:auto; margin:auto\"><img data-recalc-dims=\"1\" decoding=\"async\" src=\"https:\/\/i0.wp.com\/www.apichamossaire.ch\/wp-content\/gallery\/2014-cours-delevage\/dscn59391.jpg?w=525&#038;ssl=1\" alt=\"dscn59391\" style=\"max-width: 500px; max-height: 600px; width: auto; height:auto; margin:auto\"><img data-recalc-dims=\"1\" decoding=\"async\" src=\"https:\/\/i0.wp.com\/www.apichamossaire.ch\/wp-content\/gallery\/2014-cours-delevage\/dscn59401.jpg?w=525&#038;ssl=1\" alt=\"dscn59401\" style=\"max-width: 500px; max-height: 600px; width: auto; height:auto; margin:auto\"><img data-recalc-dims=\"1\" decoding=\"async\" src=\"https:\/\/i0.wp.com\/www.apichamossaire.ch\/wp-content\/gallery\/2014-cours-delevage\/dscn59411.jpg?w=525&#038;ssl=1\" alt=\"dscn59411\" style=\"max-width: 500px; max-height: 600px; width: auto; height:auto; margin:auto\"><img data-recalc-dims=\"1\" decoding=\"async\" src=\"https:\/\/i0.wp.com\/www.apichamossaire.ch\/wp-content\/gallery\/2014-cours-delevage\/dscn59431.jpg?w=525&#038;ssl=1\" alt=\"dscn59431\" style=\"max-width: 500px; max-height: 600px; width: auto; height:auto; margin:auto\"><img data-recalc-dims=\"1\" decoding=\"async\" src=\"https:\/\/i0.wp.com\/www.apichamossaire.ch\/wp-content\/gallery\/2014-cours-delevage\/dscn59441.jpg?w=525&#038;ssl=1\" alt=\"dscn59441\" style=\"max-width: 500px; max-height: 600px; width: auto; height:auto; margin:auto\"><img data-recalc-dims=\"1\" decoding=\"async\" src=\"https:\/\/i0.wp.com\/www.apichamossaire.ch\/wp-content\/gallery\/2014-cours-delevage\/dscn59461.jpg?w=525&#038;ssl=1\" alt=\"dscn59461\" style=\"max-width: 500px; max-height: 600px; width: auto; height:auto; margin:auto\"><img data-recalc-dims=\"1\" decoding=\"async\" src=\"https:\/\/i0.wp.com\/www.apichamossaire.ch\/wp-content\/gallery\/2014-cours-delevage\/dscn59471.jpg?w=525&#038;ssl=1\" alt=\"dscn59471\" style=\"max-width: 500px; max-height: 600px; width: auto; height:auto; margin:auto\"><img data-recalc-dims=\"1\" decoding=\"async\" src=\"https:\/\/i0.wp.com\/www.apichamossaire.ch\/wp-content\/gallery\/2014-cours-delevage\/dscn59481.jpg?w=525&#038;ssl=1\" alt=\"dscn59481\" style=\"max-width: 500px; max-height: 600px; width: auto; height:auto; margin:auto\"><img data-recalc-dims=\"1\" decoding=\"async\" src=\"https:\/\/i0.wp.com\/www.apichamossaire.ch\/wp-content\/gallery\/2014-cours-delevage\/dscn59491.jpg?w=525&#038;ssl=1\" alt=\"dscn59491\" style=\"max-width: 500px; max-height: 600px; width: auto; height:auto; margin:auto\"><img data-recalc-dims=\"1\" decoding=\"async\" src=\"https:\/\/i0.wp.com\/www.apichamossaire.ch\/wp-content\/gallery\/2014-cours-delevage\/dscn59501.jpg?w=525&#038;ssl=1\" alt=\"dscn59501\" style=\"max-width: 500px; max-height: 600px; width: auto; height:auto; margin:auto\"><img data-recalc-dims=\"1\" decoding=\"async\" src=\"https:\/\/i0.wp.com\/www.apichamossaire.ch\/wp-content\/gallery\/2014-cours-delevage\/dscn59511.jpg?w=525&#038;ssl=1\" alt=\"dscn59511\" style=\"max-width: 500px; max-height: 600px; width: auto; height:auto; margin:auto\"><img data-recalc-dims=\"1\" decoding=\"async\" src=\"https:\/\/i0.wp.com\/www.apichamossaire.ch\/wp-content\/gallery\/2014-cours-delevage\/dscn59521.jpg?w=525&#038;ssl=1\" alt=\"dscn59521\" style=\"max-width: 500px; max-height: 600px; width: auto; height:auto; margin:auto\"><img data-recalc-dims=\"1\" decoding=\"async\" src=\"https:\/\/i0.wp.com\/www.apichamossaire.ch\/wp-content\/gallery\/2014-cours-delevage\/dscn59531.jpg?w=525&#038;ssl=1\" alt=\"dscn59531\" style=\"max-width: 500px; max-height: 600px; width: auto; height:auto; margin:auto\"><img data-recalc-dims=\"1\" decoding=\"async\" src=\"https:\/\/i0.wp.com\/www.apichamossaire.ch\/wp-content\/gallery\/2014-cours-delevage\/dscn59541.jpg?w=525&#038;ssl=1\" alt=\"dscn59541\" style=\"max-width: 500px; max-height: 600px; width: auto; height:auto; margin:auto\"><img data-recalc-dims=\"1\" decoding=\"async\" src=\"https:\/\/i0.wp.com\/www.apichamossaire.ch\/wp-content\/gallery\/2014-cours-delevage\/dscn59551.jpg?w=525&#038;ssl=1\" alt=\"dscn59551\" style=\"max-width: 500px; max-height: 600px; width: auto; height:auto; margin:auto\"><img data-recalc-dims=\"1\" decoding=\"async\" src=\"https:\/\/i0.wp.com\/www.apichamossaire.ch\/wp-content\/gallery\/2014-cours-delevage\/dscn59561.jpg?w=525&#038;ssl=1\" alt=\"dscn59561\" style=\"max-width: 500px; max-height: 600px; width: auto; height:auto; margin:auto\"><img data-recalc-dims=\"1\" decoding=\"async\" src=\"https:\/\/i0.wp.com\/www.apichamossaire.ch\/wp-content\/gallery\/2014-cours-delevage\/dscn59571.jpg?w=525&#038;ssl=1\" alt=\"dscn59571\" style=\"max-width: 500px; max-height: 600px; width: auto; height:auto; margin:auto\"><\/div><\/div>\n\n<script type=\"text\/javascript\">jQuery(document).ready(function($) {\r\n\t\t\tvar owl = $('#ngg_slideshow246841');\r\n\t\t\towl.owlCarousel({\r\n\t\t\t\titems: 1,\r\n\t\t\t\tautoHeight: false,\r\n\t            dots: false,\r\n\t            autoplay: true,\r\n\t\t\t\tautoplayTimeout: 5000,\r\n\t\t\t\tautoplayHoverPause: true,\r\n\t\t\t\tanimateIn: 'fade',\r\n\t\t\t\tanimateOut: 'fadeOut',\r\n\t\t\t\tloop: true,\r\n\t\t\t\tmouseDrag: true,\r\n\t\t\t\ttouchDrag: true\r\n\t\t\t});\nowl.click( function () {\r\n                    owl.trigger( 'next.owl.carousel' );\r\n                } );});\n<\/script>\n","protected":false},"excerpt":{"rendered":"<p>Une ruche dans mon jardin Vous n&rsquo;y connaissez rien en apiculture et vous aimeriez vous lancer avec une ruche dans votre jardin ? Tr\u00e8s bonne id\u00e9e car une ruche c&rsquo;est int\u00e9ressant, c&rsquo;est didactique pour les enfants, \u00e7a aide au maintien des populations d&rsquo;abeilles et \u00e7a peut m\u00eame parfois vous apporter un peu de miel et &hellip; <\/p>\n<p class=\"link-more\"><a href=\"https:\/\/www.apichamossaire.ch\/?page_id=684\" class=\"more-link\">Continuer la lecture<span class=\"screen-reader-text\"> de &laquo;&nbsp;Une ruche dans mon jardin&nbsp;&raquo;<\/span><\/a><\/p>\n","protected":false},"author":3,"featured_media":686,"parent":0,"menu_order":0,"comment_status":"closed","ping_status":"closed","template":"","meta":{"jetpack_post_was_ever_published":false,"footnotes":""},"class_list":["post-684","page","type-page","status-publish","has-post-thumbnail","hentry"],"jetpack_sharing_enabled":true,"jetpack_shortlink":"https:\/\/wp.me\/P9tc5Z-b2","jetpack_likes_enabled":true,"jetpack-related-posts":[],"_links":{"self":[{"href":"https:\/\/www.apichamossaire.ch\/index.php?rest_route=\/wp\/v2\/pages\/684","targetHints":{"allow":["GET"]}}],"collection":[{"href":"https:\/\/www.apichamossaire.ch\/index.php?rest_route=\/wp\/v2\/pages"}],"about":[{"href":"https:\/\/www.apichamossaire.ch\/index.php?rest_route=\/wp\/v2\/types\/page"}],"author":[{"embeddable":true,"href":"https:\/\/www.apichamossaire.ch\/index.php?rest_route=\/wp\/v2\/users\/3"}],"replies":[{"embeddable":true,"href":"https:\/\/www.apichamossaire.ch\/index.php?rest_route=%2Fwp%2Fv2%2Fcomments&post=684"}],"version-history":[{"count":11,"href":"https:\/\/www.apichamossaire.ch\/index.php?rest_route=\/wp\/v2\/pages\/684\/revisions"}],"predecessor-version":[{"id":1661,"href":"https:\/\/www.apichamossaire.ch\/index.php?rest_route=\/wp\/v2\/pages\/684\/revisions\/1661"}],"wp:featuredmedia":[{"embeddable":true,"href":"https:\/\/www.apichamossaire.ch\/index.php?rest_route=\/wp\/v2\/media\/686"}],"wp:attachment":[{"href":"https:\/\/www.apichamossaire.ch\/index.php?rest_route=%2Fwp%2Fv2%2Fmedia&parent=684"}],"curies":[{"name":"wp","href":"https:\/\/api.w.org\/{rel}","templated":true}]}}