{"id":28,"date":"2013-11-01T23:15:53","date_gmt":"2013-11-01T22:15:53","guid":{"rendered":"http:\/\/apichamossaire.ch\/demo\/?page_id=28"},"modified":"2020-01-24T07:59:23","modified_gmt":"2020-01-24T06:59:23","slug":"status","status":"publish","type":"page","link":"https:\/\/www.apichamossaire.ch\/?page_id=28","title":{"rendered":"Status"},"content":{"rendered":"<p align=\"CENTER\"><span style=\"font-family: Tahoma, sans-serif;\"><span style=\"font-size: medium;\"><b>Soci\u00e9t\u00e9 d&rsquo;apiculture LE CHAMOSSAIRE<\/b><\/span><\/span><\/p>\n<p align=\"CENTER\"><span style=\"font-family: Tahoma, sans-serif;\"><span style=\"font-size: medium;\">Statuts<\/span><\/span><\/p>\n<p align=\"CENTER\"><span style=\"font-family: Tahoma, sans-serif;\"><span style=\"font-size: small;\"><b>I. NOM \u2013 BUT \u2013 SIEGE<\/b><\/span><\/span><\/p>\n<p align=\"JUSTIFY\"><span style=\"font-family: Tahoma, sans-serif;\"><span style=\"font-size: small;\"><b>Article premier.<\/b> Le 20 d\u00e9cembre 1942 a \u00e9t\u00e9 fond\u00e9e une association des amis des abeilles de Bex et de ses environs, sous le nom de \u00ab\u00a0CHAMOSSAIRE\u00a0\u00bb, conform\u00e9ment aux art. 60 et suivants du Code Civil suisse. Elle fait partie de la soci\u00e9t\u00e9 romande d&rsquo;apiculture (SAR) et de la F\u00e9d\u00e9ration des soci\u00e9t\u00e9s vaudoises d&rsquo;apiculture (FVA).<\/span><\/span><\/p>\n<p align=\"JUSTIFY\"><span style=\"font-family: Tahoma, sans-serif;\"><span style=\"font-size: small;\"><b>Art. 2<\/b> La Soci\u00e9t\u00e9 a pour but\u00a0:<\/span><\/span><\/p>\n<ul style=\"list-style-type: circle;\">\n<li>le d\u00e9veloppement pratique et scientifique de l&rsquo;apiculture et sa sauvegarde.<\/li>\n<li><span style=\"font-size: small; font-family: Tahoma, sans-serif; line-height: 1.5;\">La d\u00e9fense des int\u00e9r\u00eats de ses membres.<\/span><\/li>\n<li><span style=\"font-size: small; font-family: Tahoma, sans-serif; line-height: 1.5;\">L&rsquo;organisation de visite de ruchers, de cours de formations, d&rsquo;expositions, de march\u00e9 au miel, de concours d&rsquo;apiculture, etc&#8230;<\/span><\/li>\n<li>\n<p align=\"JUSTIFY\"><span style=\"font-family: Tahoma, sans-serif;\"><span style=\"font-size: small;\">de cultiver l&rsquo;amiti\u00e9 entre ses membres.<\/span><\/span><span style=\"font-family: Tahoma, sans-serif;\"><span style=\"font-size: small;\"><b><br \/>\n<\/b><\/span><\/span><\/p>\n<\/li>\n<\/ul>\n<p align=\"LEFT\"><b>Art. 3<\/b>\u00a0Le si\u00e8ge de la soci\u00e9t\u00e9 est au domicile du pr\u00e9sident.<\/p>\n<p style=\"text-align: center;\" align=\"LEFT\"><b>II. MEMBRES<\/b><\/p>\n<p align=\"LEFT\"><span style=\"font-family: Tahoma, sans-serif;\"><span style=\"font-size: small;\"><b>Art. 4<\/b> La soci\u00e9t\u00e9 se compose\u00a0:<br \/>\n<\/span><\/span><\/p>\n<ul style=\"list-style-type: circle;\">\n<li>de membres actifs<\/li>\n<li>de membres honoraires<\/li>\n<li><span style=\"font-family: Tahoma, sans-serif;\"><span style=\"font-size: small;\">de membres amis<\/span><\/span><\/li>\n<\/ul>\n<p align=\"LEFT\"><span style=\"font-family: Tahoma, sans-serif;\"><span style=\"font-size: small;\"><b>Art. 5 <\/b> Membres actifs<\/span><\/span><\/p>\n<p align=\"JUSTIFY\"><span style=\"font-family: Tahoma, sans-serif;\"><span style=\"font-size: small;\">Peut faire partie de la soci\u00e9t\u00e9, toute personne qui en fait la demande au comit\u00e9 ou \u00e0 un soci\u00e9taire. Le comit\u00e9 statue sur toutes les demandes d&rsquo;admission, sous r\u00e9serve de recours \u00e0 l&rsquo;assembl\u00e9e g\u00e9n\u00e9rale. L&rsquo;admission d&rsquo;un membre sera rectifi\u00e9e lors de l&rsquo;assembl\u00e9e g\u00e9n\u00e9rale qui suit la demande. Chaque membre s&rsquo;engage \u00e0 respecter les dispositions statutaires et \u00e0 se conformer aux d\u00e9cisions des organes de la soci\u00e9t\u00e9.<\/span><\/span><\/p>\n<p align=\"JUSTIFY\"><span style=\"font-family: Tahoma, sans-serif;\"><span style=\"font-size: small;\"><b>Art. 6<\/b> Membres honoraires<\/span><\/span><\/p>\n<p align=\"JUSTIFY\"><span style=\"font-family: Tahoma, sans-serif;\"><span style=\"font-size: small;\">Sur proposition du comit\u00e9, les personnes qui ont rendu des services importants \u00e0 la soci\u00e9t\u00e9 ou \u00e0 l&rsquo;apiculture peuvent \u00eatre nomm\u00e9es membres honoraires par une assembl\u00e9e g\u00e9n\u00e9rale. Les membres honoraires sont exon\u00e9r\u00e9s de toute cotisation \u00e0 la soci\u00e9t\u00e9 et ont les m\u00eames droits que les membres actifs.<\/span><\/span><\/p>\n<p align=\"JUSTIFY\"><span style=\"font-family: Tahoma, sans-serif;\"><span style=\"font-size: small;\"><b>Art. 7<\/b> Membres amis<\/span><\/span><\/p>\n<p align=\"JUSTIFY\"><span style=\"font-family: Tahoma, sans-serif;\"><span style=\"font-size: small;\">Moyennant le paiement d&rsquo;une cotisation annuelle dont le montant est fix\u00e9 par le comit\u00e9, toute personne peut devenir membre ami de la soci\u00e9t\u00e9. Cependant, s&rsquo;il est ou devient \u00e9leveur d&rsquo;abeilles, il doit \u00eatre membre actif d&rsquo;une soci\u00e9t\u00e9 d&rsquo;apiculture. Les membres amis peuvent participer \u00e0 toutes les activit\u00e9s de la soci\u00e9t\u00e9. Ils n&rsquo;ont pas le droit de vote et d&rsquo;\u00e9ligibilit\u00e9.<\/span><\/span><\/p>\n<p align=\"CENTER\"><span style=\"font-family: Tahoma, sans-serif;\"><span style=\"font-size: small;\"><b>III. ORGANISATION<\/b><\/span><\/span><\/p>\n<p align=\"JUSTIFY\"><span style=\"font-family: Tahoma, sans-serif;\"><span style=\"font-size: small;\"><b>Art. 8<\/b> Les organes de la soci\u00e9t\u00e9 sont\u00a0: <\/span><\/span><\/p>\n<ul style=\"list-style-type: circle;\">\n<li>l&rsquo;assembl\u00e9e g\u00e9n\u00e9rale (AG)<\/li>\n<li>le comit\u00e9<\/li>\n<li>les v\u00e9rificateurs de comptes<\/li>\n<\/ul>\n<p align=\"JUSTIFY\"><span style=\"font-family: Tahoma, sans-serif;\"><span style=\"font-size: small;\"><b>Art.9.<\/b> L&rsquo;assembl\u00e9e g\u00e9n\u00e9rale<\/span><\/span><\/p>\n<ol start=\"9\">\n<ol>\n<li>\n<p align=\"JUSTIFY\"><span style=\"font-family: Tahoma, sans-serif;\"><span style=\"font-size: small;\">L&rsquo;assembl\u00e9e g\u00e9n\u00e9rale se r\u00e9unit une fois par ann\u00e9e dans les trente jours qui suivent la fin de l&rsquo;exercice \u00e9coul\u00e9 (31 octobre). La date et le lieu sont fix\u00e9s par le comit\u00e9. Sur demande du comit\u00e9 ou d&rsquo;un des tiers des membres, adress\u00e9e au pr\u00e9sident, une assembl\u00e9e g\u00e9n\u00e9rale extraordinaire peut \u00eatre convoqu\u00e9e. Les convocations aux assembl\u00e9es doivent parvenir aux membres dix jours \u00e0 l&rsquo;avance et contenir l&rsquo;ordre du jour \u00e9tabli par le comit\u00e9<\/span><\/span><\/p>\n<\/li>\n<\/ol>\n<\/ol>\n<ol start=\"9\">\n<ol start=\"2\">\n<li>\n<p align=\"JUSTIFY\"><span style=\"font-family: Tahoma, sans-serif;\"><span style=\"font-size: small;\"><span style=\"text-decoration: underline;\">L&rsquo;assembl\u00e9e g\u00e9n\u00e9rale statue sur les affaires suivantes<\/span>:<br \/>\n<\/span><\/span><span style=\"font-family: Tahoma, sans-serif;\"><span style=\"font-size: small;\">a) Adoption du proc\u00e8s-verbal de la derni\u00e8re assembl\u00e9e<br \/>\n<\/span><\/span><span style=\"font-family: Tahoma, sans-serif;\"><span style=\"font-size: small;\">b)Adoption des rapports annuels du pr\u00e9sident et du caissier<br \/>\n<\/span><\/span><span style=\"font-family: Tahoma, sans-serif;\"><span style=\"font-size: small;\">c)Adoption du rapport des v\u00e9rificateurs des comptes et des comptes annuels<br \/>\n<\/span><\/span><span style=\"font-family: Tahoma, sans-serif;\"><span style=\"font-size: small;\">d) D\u00e9charge au comit\u00e9<br \/>\n<\/span><\/span><span style=\"font-family: Tahoma, sans-serif;\"><span style=\"font-size: small;\">e) \u00c9lection du pr\u00e9sident, du comit\u00e9, des v\u00e9rificateurs des comptes et du suppl\u00e9ant<br \/>\n<\/span><\/span><span style=\"font-family: Tahoma, sans-serif;\"><span style=\"font-size: small;\">f) Fixation du montant de la cotisation annuelle<br \/>\n<\/span><\/span><span style=\"font-family: Tahoma, sans-serif;\"><span style=\"font-size: small;\">g) Fixation de contributions extraordinaires<br \/>\n<\/span><\/span><span style=\"font-family: Tahoma, sans-serif;\"><span style=\"font-size: small;\">h) D\u00e9cision sur les demandes d&rsquo;admission en cas de recours \u00e0 l&rsquo;AG<br \/>\n<\/span><\/span><span style=\"font-family: Tahoma, sans-serif;\"><span style=\"font-size: small;\">i) D\u00e9missions et exclusions<br \/>\n<\/span><\/span><span style=\"font-family: Tahoma, sans-serif;\"><span style=\"font-size: small;\">j) D\u00e9signation de membres pour les assembl\u00e9es de la SAR et de la FVA<br \/>\n<\/span><\/span><span style=\"font-family: Tahoma, sans-serif;\"><span style=\"font-size: small;\">k) Nomination des membres honoraires<br \/>\n<\/span><\/span><span style=\"font-family: Tahoma, sans-serif;\"><span style=\"font-size: small;\">l) Modifications des statuts<br \/>\n<\/span><\/span><span style=\"font-family: Tahoma, sans-serif;\"><span style=\"font-size: small;\">m) Dissolution de la soci\u00e9t\u00e9<\/span><\/span><\/p>\n<\/li>\n<\/ol>\n<\/ol>\n<ol start=\"9\">\n<ol start=\"3\">\n<li>\n<p align=\"JUSTIFY\"><span style=\"font-family: Tahoma, sans-serif;\"><span style=\"font-size: small;\">Les votes ont lieu \u00e0 main lev\u00e9e, sauf si le cinqui\u00e8me des membres pr\u00e9sents demande le bulletin secret. Pour les \u00e9lections, les candidats sont \u00e9lus \u00e0 la majorit\u00e9 des membres pr\u00e9sents. En cas d&rsquo;\u00e9galit\u00e9, le candidat le plus \u00e2g\u00e9 est \u00e9lu. Pour les exclusions, la majorit\u00e9 des membres pr\u00e9sents est n\u00e9cessaire. Les modifications statutaires et la dissolution de la soci\u00e9t\u00e9 n\u00e9cessitent l&rsquo;accord des deux tiers des membres pr\u00e9sents. En cas d&rsquo;\u00e9galit\u00e9, la voix du pr\u00e9sident est d\u00e9terminante.<\/span><\/span><\/p>\n<\/li>\n<\/ol>\n<\/ol>\n<p align=\"JUSTIFY\"><span style=\"font-family: Tahoma, sans-serif;\"><span style=\"font-size: small;\"><b>Art. 10<\/b> Le comit\u00e9<\/span><\/span><\/p>\n<ol start=\"10\">\n<ol>\n<li>\n<p align=\"JUSTIFY\"><span style=\"font-family: Tahoma, sans-serif;\"><span style=\"font-size: small;\">La soci\u00e9t\u00e9 est administr\u00e9e par un comit\u00e9 \u00e9lu pour un an et imm\u00e9diatement r\u00e9\u00e9ligible.<br \/>\n<\/span><\/span><span style=\"font-family: Tahoma, sans-serif;\"><span style=\"font-size: small;\">Il est compos\u00e9 de cinq \u00e0 sept membres, \u00e0 savoir\u00a0:<br \/>\n<\/span><\/span><span style=\"font-size: small; font-family: Tahoma, sans-serif; line-height: 1.5;\">un pr\u00e9sident<br \/>\n<\/span><span style=\"font-family: Tahoma, sans-serif;\"><span style=\"font-size: small;\">un vice-pr\u00e9sident<br \/>\n<\/span><\/span><span style=\"font-family: Tahoma, sans-serif;\"><span style=\"font-size: small;\">un secr\u00e9taire<br \/>\n<\/span><\/span><span style=\"font-family: Tahoma, sans-serif;\"><span style=\"font-size: small;\">un caissier<br \/>\n<\/span><\/span><span style=\"font-family: Tahoma, sans-serif;\"><span style=\"font-size: small;\">des membres adjoints<\/span><\/span><\/p>\n<\/li>\n<li>\n<p align=\"JUSTIFY\"><span style=\"font-family: Tahoma, sans-serif;\"><span style=\"font-size: small;\">Le comit\u00e9 se r\u00e9partit lui-m\u00eame les diverses fonctions \u00e0 l&rsquo;exception de celle de pr\u00e9sident.<\/span><\/span><\/p>\n<\/li>\n<\/ol>\n<\/ol>\n<ol start=\"10\">\n<ol start=\"3\">\n<li>\n<p align=\"JUSTIFY\"><span style=\"font-family: Tahoma, sans-serif;\"><span style=\"font-size: small;\">Si au cours d&rsquo;un exercice se produisent une ou plusieurs vacances, la prochaine AG proc\u00e8de au remplacements n\u00e9cessaires.<\/span><\/span><\/p>\n<\/li>\n<li>\n<p align=\"JUSTIFY\"><span style=\"font-family: Tahoma, sans-serif;\"><span style=\"font-size: small;\">Le comit\u00e9 exerce tous les droits que la loi ou les statuts ne r\u00e9servent pas \u00e0 l&rsquo;AG. Il si\u00e8ge au moins deux fois par ann\u00e9e. <\/span><\/span><\/p>\n<\/li>\n<li>\n<p align=\"JUSTIFY\"><span style=\"font-family: Tahoma, sans-serif;\"><span style=\"font-size: small;\">Le pr\u00e9sident, ou en son absence le vice-pr\u00e9sident, est responsable de la direction g\u00e9n\u00e9rale de la soci\u00e9t\u00e9.<\/span><\/span><\/p>\n<\/li>\n<li>\n<p align=\"JUSTIFY\"><span style=\"font-family: Tahoma, sans-serif;\"><span style=\"font-size: small;\">La soci\u00e9t\u00e9 n&rsquo;est valablement engag\u00e9e que par la signature du pr\u00e9sident et du secr\u00e9taire ou du caissier.<\/span><\/span><\/p>\n<\/li>\n<li>\n<p align=\"JUSTIFY\"><span style=\"font-family: Tahoma, sans-serif;\"><span style=\"font-size: small;\">Les membres du comit\u00e9 exercent gratuitement leurs fonctions. Leurs frais administratifs leur sont rembours\u00e9s.<\/span><\/span><\/p>\n<\/li>\n<\/ol>\n<\/ol>\n<p align=\"JUSTIFY\"><span style=\"font-family: Tahoma, sans-serif;\"><span style=\"font-size: small;\"><b>Art. 11<\/b> V\u00e9rificateurs des comptes<\/span><\/span><\/p>\n<p align=\"JUSTIFY\"><span style=\"font-family: Tahoma, sans-serif;\"><span style=\"font-size: small;\">La commission de contr\u00f4le est compos\u00e9e de deux v\u00e9rificateurs et d&rsquo;un suppl\u00e9ant. Les v\u00e9rificateurs ne peuvent exercer leur fonction plus de deux ans suivis. Ils r\u00e9digent un rapport \u00e9crit \u00e0 l&rsquo;intention de l&rsquo;AG.<\/span><\/span><\/p>\n<p align=\"JUSTIFY\"><span style=\"font-family: Tahoma, sans-serif;\"><span style=\"font-size: small;\"><b>Art. 12<\/b> L&rsquo;ann\u00e9e comptable court du 1er novembre au 31 octobre<\/span><\/span><\/p>\n<p align=\"CENTER\"><span style=\"font-family: Tahoma, sans-serif;\"><span style=\"font-size: small;\"><b>IV. DEMISSION \u2013 EXCLUSION<\/b><\/span><\/span><\/p>\n<p align=\"JUSTIFY\"><span style=\"font-family: Tahoma, sans-serif;\"><span style=\"font-size: small;\"><b>Art. 13<\/b> Chaque soci\u00e9taire peut d\u00e9missionner en tout temps. Sa d\u00e9mission doit \u00eatre adress\u00e9e par \u00e9crit au comit\u00e9 avant l&rsquo;AG.<\/span><\/span><\/p>\n<p align=\"JUSTIFY\"><span style=\"font-family: Tahoma, sans-serif;\"><span style=\"font-size: small;\"><b>Art. 14<\/b> L&rsquo;exclusion est prononc\u00e9e par l&rsquo;AG sur proposition du comit\u00e9, contre tout membre qui cause du tort \u00e0 la soci\u00e9t\u00e9 ou \u00e0 l\u2019apiculture, en cas de violation des statuts ou d&rsquo;insoumission aux d\u00e9cisions des organes de la soci\u00e9t\u00e9.<\/span><\/span><\/p>\n<p align=\"JUSTIFY\"><span style=\"font-family: Tahoma, sans-serif;\"><span style=\"font-size: small;\"><b>Art. 15<\/b> Le membre qui, nonobstant une mise en demeure, ne se sera pas acquitt\u00e9 de ses cotisations sera exclu de la soci\u00e9t\u00e9, sur d\u00e9cision de l&rsquo;AG.<\/span><\/span><\/p>\n<p align=\"JUSTIFY\"><span style=\"font-family: Tahoma, sans-serif;\"><span style=\"font-size: small;\"><b>Art. 16<\/b> Le membre d\u00e9missionnaire ou exclu perd tout droit \u00e0 la fortune de la soci\u00e9t\u00e9. Tout droit contre la soci\u00e9t\u00e9 cesse avec l&rsquo;extinction de la qualit\u00e9 de membre. Le membre exclu ne pourra pas \u00eatre r\u00e9admis.<\/span><\/span><\/p>\n<p align=\"CENTER\"><span style=\"font-family: Tahoma, sans-serif;\"><span style=\"font-size: small;\"><b>V. COTISATIONS ET RESSOURCES<\/b><\/span><\/span><\/p>\n<h5><span style=\"font-family: Tahoma, sans-serif;\"><span style=\"font-size: small;\"><b>Art. 17<\/b> Les ressources de la soci\u00e9t\u00e9 sont\u00a0:<\/span><\/span><\/h5>\n<ul style=\"list-style-type: circle;\">\n<li><span style=\"font-family: Tahoma, sans-serif;\"><span style=\"font-size: small;\">la cotisation annuelle<\/span><\/span><\/li>\n<li><span style=\"font-family: Tahoma, sans-serif;\"><span style=\"font-size: small;\">le rapport du rucher<\/span><\/span><\/li>\n<li><span style=\"font-family: Tahoma, sans-serif;\"><span style=\"font-size: small;\">Les dons et legs<\/span><\/span><\/li>\n<li><span style=\"font-family: Tahoma, sans-serif;\"><span style=\"font-size: small;\">les contributions extraordinaires<\/span><\/span><\/li>\n<\/ul>\n<ol start=\"17\">\n<ol>\n<li>\n<p align=\"JUSTIFY\"><span style=\"font-family: Tahoma, sans-serif;\"><span style=\"font-size: small;\">Chaque membre actif est astreint au paiement d&rsquo;une cotisation annuelle (\u00e9ch\u00e9ance fix\u00e9e dans la convocation de l&rsquo;AG) dans laquelle sont comprises\u00a0:<br \/>\n<\/span><\/span><span style=\"font-family: Tahoma, sans-serif;\"><span style=\"font-size: small;\">a) la cotisation \u00e0 la SAR<br \/>\n<\/span><\/span><span style=\"font-family: Tahoma, sans-serif;\"><span style=\"font-size: small;\">b) la cotisation \u00e0 la FVA<\/span><\/span><\/p>\n<\/li>\n<li>\n<p align=\"JUSTIFY\"><span style=\"font-family: Tahoma, sans-serif;\"><span style=\"font-size: small;\">Des contributions extraordinaires peuvent \u00eatre d\u00e9cid\u00e9es par une AG.<\/span><\/span><\/p>\n<\/li>\n<\/ol>\n<\/ol>\n<p align=\"CENTER\"><span style=\"font-family: Tahoma, sans-serif;\"><span style=\"font-size: small;\"><b>VI. RUCHER DE LA SOCIETE<\/b><\/span><\/span><\/p>\n<p align=\"JUSTIFY\"><span style=\"font-family: Tahoma, sans-serif;\"><span style=\"font-size: small;\"><b>Art. 18<\/b> La soci\u00e9t\u00e9 est propri\u00e9taire d&rsquo;un rucher. Un membre, d\u00e9sign\u00e9 par le comit\u00e9, en assure la gestion. Il doit pr\u00e9senter l&rsquo;AG un rapport dans lequel doit figurer le r\u00e9sultat de son exploitation. L&rsquo;inventaire du rucher et des autres biens de la soci\u00e9t\u00e9 est tenu \u00e0 jour par le caissier.<\/span><\/span><\/p>\n<p style=\"text-align: center;\">\u00a0<span style=\"font-family: Tahoma, sans-serif;\"><span style=\"font-size: small;\"><b>VII. DELEGUES AUX ASSEMBLEES<\/b><\/span><\/span><\/p>\n<p align=\"JUSTIFY\"><span style=\"font-family: Tahoma, sans-serif;\"><span style=\"font-size: small;\"><b>Art. 19<\/b> Le pr\u00e9sident ou son rempla\u00e7ant, accompagn\u00e9 des membres d\u00e9sign\u00e9s par l&rsquo;AG, participent aux assembl\u00e9es de la SAR et de la FVA. Les d\u00e9l\u00e9gu\u00e9s sont tenus de pr\u00e9senter un rapport \u00e0 l&rsquo;AG. Ils sont indemnis\u00e9s pour leurs d\u00e9placements et repas pour autant qu&rsquo;ils ne soient pas pris en charge par les organisateurs.<\/span><\/span><\/p>\n<p align=\"CENTER\"><span style=\"font-family: Tahoma, sans-serif;\"><span style=\"font-size: small;\"><b>VIII. ENGAGEMENT DE LA SOCIETE<\/b><\/span><\/span><\/p>\n<p><span style=\"font-family: Tahoma, sans-serif;\"><span style=\"font-size: small;\"><b>Art. 20<\/b> Les engagements de la soci\u00e9t\u00e9 envers des tiers sont garantis uniquement par sa fortune.<\/span><\/span><\/p>\n<p style=\"text-align: center;\">\u00a0<span style=\"font-family: Tahoma, sans-serif;\"><span style=\"font-size: small;\"><b>IX. MODIFICATIONS DES STATUTS<\/b><\/span><\/span><\/p>\n<p align=\"JUSTIFY\"><span style=\"font-family: Tahoma, sans-serif;\"><span style=\"font-size: small;\"><b>Art. 21<\/b> Toute proposition de modifications aux pr\u00e9sents statuts devra \u00eatre adress\u00e9e par \u00e9crit au pr\u00e9sident un mois avec l&rsquo;AG. Elle devra figurer \u00e0 l&rsquo;ordre du jour.<\/span><\/span><\/p>\n<p style=\"text-align: center;\" align=\"JUSTIFY\"><span style=\"font-family: Tahoma, sans-serif;\"><span style=\"font-size: small;\"><b>X. DISSOLUTION<\/b><\/span><\/span><\/p>\n<p align=\"LEFT\"><span style=\"font-family: Tahoma, sans-serif;\"><span style=\"font-size: small;\"><b>Art. 22 <\/b>La dissolution de la soci\u00e9t\u00e9 ne peut \u00eatre prononc\u00e9e par un AG que si le tiers de l&rsquo;effectif la demande par lettre personnelle ou sur proposition du comit\u00e9. Dans ce cas, la liquidation de la soci\u00e9t\u00e9 aurait lieu par les soins du comit\u00e9 en charge. Le solde actif de la soci\u00e9t\u00e9 est remis \u00e0 la FVA qui l&rsquo;administrera pendant deux ans \u00e0 l&rsquo;intention d&rsquo;une soci\u00e9t\u00e9 \u00ab\u00a0Le Chamossaire\u00a0\u00bb qui serait recr\u00e9\u00e9e. Apr\u00e8s ce d\u00e9lai, l&rsquo;actif sera attribu\u00e9 \u00e0 la FVA.<\/span><\/span><\/p>\n<p align=\"LEFT\"><span style=\"font-family: Tahoma, sans-serif;\"><span style=\"font-size: small;\"><b>Art. 23<\/b> Les pr\u00e9sents statuts abrogent les statuts pr\u00e9c\u00e9dents. L&rsquo;assembl\u00e9e g\u00e9n\u00e9rale a adopt\u00e9 les pr\u00e9sents statuts le 4 avril 1992. Ils entrent imm\u00e9diatement en vigueur.<\/span><\/span><\/p>\n<p align=\"LEFT\"><span style=\"font-family: Tahoma, sans-serif;\"><span style=\"font-size: small;\">Le Pr\u00e9sident: \u00a0Jean-Paul MICHEL<\/span><\/span><\/p>\n<p align=\"LEFT\"><span style=\"font-family: Tahoma, sans-serif;\"><span style=\"font-size: small;\">Le secr\u00e9taire: \u00a0Roger CONUS<\/span><\/span><\/p>\n<p align=\"LEFT\"><span style=\"font-family: Tahoma, sans-serif;\"><span style=\"font-size: small;\">\u00a0<\/span><\/span><\/p>\n<p align=\"LEFT\"><span style=\"font-family: Tahoma, sans-serif;\"><span style=\"font-size: small;\">\u00a0<\/span><\/span><\/p>\n","protected":false},"excerpt":{"rendered":"<p>Soci\u00e9t\u00e9 d&rsquo;apiculture LE CHAMOSSAIRE Statuts I. NOM \u2013 BUT \u2013 SIEGE Article premier. Le 20 d\u00e9cembre 1942 a \u00e9t\u00e9 fond\u00e9e une association des amis des abeilles de Bex et de ses environs, sous le nom de \u00ab\u00a0CHAMOSSAIRE\u00a0\u00bb, conform\u00e9ment aux art. 60 et suivants du Code Civil suisse. Elle fait partie de la soci\u00e9t\u00e9 romande d&rsquo;apiculture &hellip; <\/p>\n<p class=\"link-more\"><a href=\"https:\/\/www.apichamossaire.ch\/?page_id=28\" class=\"more-link\">Continuer la lecture<span class=\"screen-reader-text\"> de &laquo;&nbsp;Status&nbsp;&raquo;<\/span><\/a><\/p>\n","protected":false},"author":1,"featured_media":0,"parent":0,"menu_order":0,"comment_status":"closed","ping_status":"closed","template":"","meta":{"jetpack_post_was_ever_published":false,"footnotes":""},"class_list":["post-28","page","type-page","status-publish","hentry"],"jetpack_sharing_enabled":true,"jetpack_shortlink":"https:\/\/wp.me\/P9tc5Z-s","jetpack_likes_enabled":true,"jetpack-related-posts":[],"_links":{"self":[{"href":"https:\/\/www.apichamossaire.ch\/index.php?rest_route=\/wp\/v2\/pages\/28","targetHints":{"allow":["GET"]}}],"collection":[{"href":"https:\/\/www.apichamossaire.ch\/index.php?rest_route=\/wp\/v2\/pages"}],"about":[{"href":"https:\/\/www.apichamossaire.ch\/index.php?rest_route=\/wp\/v2\/types\/page"}],"author":[{"embeddable":true,"href":"https:\/\/www.apichamossaire.ch\/index.php?rest_route=\/wp\/v2\/users\/1"}],"replies":[{"embeddable":true,"href":"https:\/\/www.apichamossaire.ch\/index.php?rest_route=%2Fwp%2Fv2%2Fcomments&post=28"}],"version-history":[{"count":12,"href":"https:\/\/www.apichamossaire.ch\/index.php?rest_route=\/wp\/v2\/pages\/28\/revisions"}],"predecessor-version":[{"id":141,"href":"https:\/\/www.apichamossaire.ch\/index.php?rest_route=\/wp\/v2\/pages\/28\/revisions\/141"}],"wp:attachment":[{"href":"https:\/\/www.apichamossaire.ch\/index.php?rest_route=%2Fwp%2Fv2%2Fmedia&parent=28"}],"curies":[{"name":"wp","href":"https:\/\/api.w.org\/{rel}","templated":true}]}}