{"id":1337,"date":"2020-01-24T08:44:57","date_gmt":"2020-01-24T07:44:57","guid":{"rendered":"http:\/\/apichamossaire.ch\/?page_id=1337"},"modified":"2025-05-08T19:45:54","modified_gmt":"2025-05-08T18:45:54","slug":"trouver-un-apiculteur-vente-directe","status":"publish","type":"page","link":"https:\/\/www.apichamossaire.ch\/?page_id=1337","title":{"rendered":"Trouver un apiculteur (vente directe)"},"content":{"rendered":"<p>Liste des apicultrices et apiculteurs proposant des produits de la ruche en vente directe proche de chez vous.<\/p>\n<ul>\n<li><strong>Bex<\/strong><\/li>\n<\/ul>\n<p><a href=\"http:\/\/apichamossaire.ch\/?page_id=1357\" target=\"_blank\" rel=\"noopener noreferrer\">Pierre-Alain Mamin<\/a><\/p>\n<ul>\n<li><strong>Les D\u00e9vens<\/strong><\/li>\n<\/ul>\n<p><a href=\"https:\/\/www.apichamossaire.ch\/?page_id=2422\">Denis Passello<\/a><\/p>\n<ul>\n<li><strong>Les Plans<\/strong><\/li>\n<\/ul>\n<p><a href=\"http:\/\/apichamossaire.ch\/?page_id=1342\" target=\"_blank\" rel=\"noopener noreferrer\">Pierre-Yves Marl\u00e9taz<\/a><\/p>\n<ul>\n<li><strong>Les Posses<\/strong><\/li>\n<\/ul>\n<p><a href=\"http:\/\/apichamossaire.ch\/?page_id=1588\">Claude-Jo\u00ebl Rod<\/a><\/p>\n<ul>\n<li><strong>St-Maurice<\/strong><\/li>\n<\/ul>\n<p><a href=\"http:\/\/apichamossaire.ch\/?page_id=1353\" target=\"_blank\" rel=\"noopener noreferrer\">Herv\u00e9 Formaz<\/a><\/p>\n<ul>\n<li><strong>St-Triphon<\/strong><\/li>\n<\/ul>\n<p><a href=\"http:\/\/apichamossaire.ch\/?page_id=1370\" target=\"_blank\" rel=\"noopener noreferrer\">Roland Dekumbis<\/a><\/p>\n","protected":false},"excerpt":{"rendered":"<p>Liste des apicultrices et apiculteurs proposant des produits de la ruche en vente directe proche de chez vous. Bex Pierre-Alain Mamin Les D\u00e9vens Denis Passello Les Plans Pierre-Yves Marl\u00e9taz Les Posses Claude-Jo\u00ebl Rod St-Maurice Herv\u00e9 Formaz St-Triphon Roland Dekumbis<\/p>\n","protected":false},"author":3,"featured_media":1352,"parent":0,"menu_order":0,"comment_status":"closed","ping_status":"closed","template":"","meta":{"jetpack_post_was_ever_published":false,"footnotes":""},"class_list":["post-1337","page","type-page","status-publish","has-post-thumbnail","hentry"],"jetpack_sharing_enabled":true,"jetpack_shortlink":"https:\/\/wp.me\/P9tc5Z-lz","jetpack_likes_enabled":true,"jetpack-related-posts":[],"_links":{"self":[{"href":"https:\/\/www.apichamossaire.ch\/index.php?rest_route=\/wp\/v2\/pages\/1337","targetHints":{"allow":["GET"]}}],"collection":[{"href":"https:\/\/www.apichamossaire.ch\/index.php?rest_route=\/wp\/v2\/pages"}],"about":[{"href":"https:\/\/www.apichamossaire.ch\/index.php?rest_route=\/wp\/v2\/types\/page"}],"author":[{"embeddable":true,"href":"https:\/\/www.apichamossaire.ch\/index.php?rest_route=\/wp\/v2\/users\/3"}],"replies":[{"embeddable":true,"href":"https:\/\/www.apichamossaire.ch\/index.php?rest_route=%2Fwp%2Fv2%2Fcomments&post=1337"}],"version-history":[{"count":21,"href":"https:\/\/www.apichamossaire.ch\/index.php?rest_route=\/wp\/v2\/pages\/1337\/revisions"}],"predecessor-version":[{"id":2425,"href":"https:\/\/www.apichamossaire.ch\/index.php?rest_route=\/wp\/v2\/pages\/1337\/revisions\/2425"}],"wp:featuredmedia":[{"embeddable":true,"href":"https:\/\/www.apichamossaire.ch\/index.php?rest_route=\/wp\/v2\/media\/1352"}],"wp:attachment":[{"href":"https:\/\/www.apichamossaire.ch\/index.php?rest_route=%2Fwp%2Fv2%2Fmedia&parent=1337"}],"curies":[{"name":"wp","href":"https:\/\/api.w.org\/{rel}","templated":true}]}}